0*a - 20, 4 = v + 2*a. Suppose o = s + 21, -3*o + 75 = s + v. Suppose 0 = 4*r - o - 49. What is the highest common factor of 6 and r?
6
Suppose 0 = 5*i - 0*i. Suppose 2*l - l - 36 = i. Calculate the greatest common factor of l and 4.
4
Let s be (18/(-15))/(2/(-190)). What is the greatest common factor of 6 and s?
6
Let w = 18 - 182. Let n = w - -240. Calculate the greatest common factor of 19 and n.
19
Suppose -10 = 5*u - 4*u. Let r be 36/15*u/(-2). Suppose -l = -4*l + 252. What is the highest common factor of r and l?
12
Let n be -2 - -10 - (-5 + 5). Calculate the highest common divisor of 16 and n.
8
Let w(p) = -p**3 - 4*p**2 + 2*p + 5. Let y be w(-4). Let k(l) = -9*l - 3. Let v be k(y). What is the highest common divisor of v and 8?
8
Suppose 0 = -4*t + 4 + 60. Let q be 40/t*(19 - 1). Calculate the highest common factor of 30 and q.
15
Let m be (-4)/10 + (-92)/(-5). Let k be m/(0 + 3) + 2. Suppose 6 = -s + 7. Calculate the greatest common factor of s and k.
1
Suppose 0 = 3*s - 3*v - 84, 4*v - 57 = -s - 14. Suppose -s = -3*q + 5*x, 13 = -q - 2*x + 5. What is the highest common divisor of 1 and q?
1
Let c be (-62 + 8)/((-2)/4). Let p be c/1 - (0 + 3). Calculate the greatest common divisor of 15 and p.
15
Suppose 4*a + 428 = 4*y, 137 = 16*y - 15*y + 5*a. Suppose 5*m - 4*q - 54 = 0, 5*m = q - 2*q + 74. What is the greatest common factor of m and y?
14
Suppose -16 = -4*o + 8. Let p(r) = r - 5. Let t be p(7). Let j be -44*((-2)/(-4) - t). Calculate the highest common factor of j and o.
6
Let z be 1/((-3)/(-63)*3). Let y(l) = 2*l - 9. Let f be y(z). Calculate the highest common divisor of f and 35.
5
Suppose -3*p + 20 = -p. Let r(t) = 9*t**2 - 4*t - 3. Let a be r(-3). Calculate the greatest common divisor of p and a.
10
Let t(l) = l. Let x(y) = -5*y + 1. Let q(g) = -6*t(g) - x(g). Let a be q(-10). Calculate the greatest common factor of 18 and a.
9
Let n(o) = -o. Let w be n(-6). Let r(t) = 3*t - 9. Let a be r(w). Let q be 2/((-4)/2) + 2. Calculate the greatest common factor of a and q.
1
Let g(m) = -m**2 + 14*m - 12. Let p be g(13). Calculate the greatest common factor of p and 4.
1
Suppose 13 = 4*p - 27. Calculate the greatest common factor of p and 15.
5
Let l(n) = -n**2 - 15*n - 2. Let q be l(-10). What is the highest common factor of 3 and q?
3
Let q be (-4)/(-6) - (-43)/3. Let l(u) = 164*u**3 + 2*u**2 - u. Let z be l(1). What is the greatest common divisor of q and z?
15
Let n be 1 + -3 + -8 + 39. Suppose 0 = -2*f - u + 12, -3*f - 2*u = 11 - n. Calculate the highest common divisor of 3 and f.
3
Let s(i) be the first derivative of i**2/2 + 54*i + 2. Let d be s(0). Let z = 1 - -5. What is the greatest common divisor of d and z?
6
Suppose 2*q - 66 = -f, 3*q + 0*q = -f + 101. Let n be 6/6 - (-8)/2. Calculate the highest common factor of n and q.
5
Let d(j) = 13*j. Let f be d(-7). Let a = 146 + f. Calculate the highest common factor of a and 5.
5
Let l(h) = h**2 - 7*h. Let o be l(7). Suppose y - 15 - 27 = o. What is the greatest common factor of 6 and y?
6
Suppose 3*i - 2*s = -0*i + 73, 38 = 3*i + 5*s. Let g = -240 - -429. What is the greatest common factor of i and g?
21
Suppose -3*l = -h - 0 - 3, 0 = 5*l + 2*h - 16. Suppose 4*r = 32 + 4. Let t = r + 1. What is the greatest common divisor of l and t?
2
Let h be 8/2 + (8 - -6). Calculate the greatest common divisor of 45 and h.
9
Let y(v) = -v**3 + 2*v**2 + 5*v - 6. Let u be y(-5). Suppose 0 = -5*g, 0 = 5*p + 4*g - 736 - u. What is the greatest common factor of 16 and p?
16
Suppose -g - 4*q + 0*q = 6, 4*g - 5*q - 81 = 0. Let j = 30 - g. Calculate the highest common divisor of j and 64.
16
Let m = 8 + -5. Suppose -84*h = -98*h + 84. What is the highest common divisor of m and h?
3
Let n be (10/(-4)*-2)/1. Suppose i + i = 3*z - 31, -n*z + 3*i + 51 = 0. Calculate the greatest common divisor of 3 and z.
3
Let m = 363 - 237. What is the greatest common factor of m and 14?
14
Let b = 0 - 15. Let s = 2 - b. What is the greatest common divisor of 68 and s?
17
Suppose -133 = -4*k - 5. What is the greatest common factor of 160 and k?
32
Suppose 2*m = -m + 6, 2*m = 5*p - 61. Let q be 12/10*20/8. Suppose -q*z + 416 = z. Calculate the greatest common factor of p and z.
13
Let s = 3 - -2. What is the highest common factor of s and 55?
5
Suppose -12*u = -15*u + 30. Calculate the greatest common divisor of 10 and u.
10
Let j = -323 - -529. Let m = -138 + j. Suppose -4*b = -5*y + b + 370, y - 3*b = m. Calculate the highest common divisor of y and 11.
11
Let v(y) be the first derivative of 3*y**4/2 + y + 2. Let m be v(-1). Let t be (-438)/(-30) + 3/m. What is the highest common factor of t and 14?
14
Let j be 22*(-3 + 3 + 1). What is the highest common factor of j and 2?
2
Let f(d) = -43*d + 2. Let s be f(-1). What is the highest common divisor of s and 5?
5
Suppose 4*m = 8*m - 12. Suppose 3 + m = f. Let j(r) = 2*r**2 + r - 6. Let b be j(f). Calculate the greatest common factor of 9 and b.
9
Suppose -3*l = v - 11, 3*l + 5*v - 22 = -3. What is the greatest common divisor of 21 and l?
3
Let c(o) = -14*o - 9. Let b(h) = 85*h + 55. Let d(t) = 4*b(t) + 25*c(t). Let a be d(-5). Calculate the greatest common divisor of 9 and a.
9
Let i be (-628)/(-26) + (-8)/52. Let d = -6 + i. What is the highest common factor of 18 and d?
18
Suppose 10*r - 5*r = 40. What is the greatest common factor of 56 and r?
8
Suppose -8*h - 20 = -10*h. What is the greatest common factor of h and 25?
5
Let s(d) = d**3 - 5*d**2 + 2*d + 8. Let i be 1/(-2 + 13/6). Let w be s(i). Suppose w = 5*t - t. What is the highest common divisor of 2 and t?
2
Suppose -2*g + 8*i = 3*i - 167, 5*i = -5*g + 400. Calculate the highest common divisor of g and 54.
27
Let s(k) = k**2 + 2*k + 6. Let u be s(-6). What is the highest common factor of 5 and u?
5
Let k(h) = -h**3 - h**2 - h + 1. Let t(i) = -3*i**3 - 2*i**2 - i. Let a(m) = 4*k(m) - t(m). Let q be a(-3). Calculate the highest common divisor of q and 2.
2
Let q = 1 - 2. Let o = 3 + q. Suppose 18 = 5*l - o*l. Calculate the highest common divisor of 15 and l.
3
Suppose 0 = 2*q - 2, -5*t - q = -2*q - 59. Suppose 0*l - l = -132. Calculate the greatest common factor of l and t.
12
Suppose 5*x - 2*r = x + 14, 2*r = x - 2. Calculate the greatest common factor of 44 and x.
4
Let a = -10 - -24. Let l = 11 + 79. Let h = -48 + l. What is the highest common divisor of a and h?
14
Suppose 116 - 154 = -i. Calculate the highest common divisor of 19 and i.
19
Let y be (-255)/(-35) - (-6)/(-21). Suppose 0 = y*x - 4*x - 75. What is the greatest common divisor of x and 100?
25
Suppose -k - 13 = -3*k - t, 4*k - 31 = -3*t. Let l be -1*k*5/(-5). Calculate the highest common divisor of l and 32.
4
Let z(y) = -1 + 1 - 3 - 21*y + 149*y. Let t be z(2). Let b(s) = s**2 - 2*s - 1. Let o be b(6). What is the greatest common divisor of t and o?
23
Let z(r) be the first derivative of -r**2/2 + 2*r + 8. Let b be z(-10). Calculate the greatest common factor of b and 108.
12
Let u(b) = 2*b - 5. Let t be u(4). Suppose r - t*r = -190. Let m(o) = 8*o**2 + 3*o. Let g be m(2). Calculate the highest common divisor of g and r.
19
Suppose 3*l - 3 - 24 = 0. Calculate the greatest common factor of l and 6.
3
Let p(d) = d**2 - 9*d + 6. Let m be p(6). Let j be 0 + (2 - m/3). What is the highest common divisor of 48 and j?
6
Let l = 128 - 110. What is the greatest common factor of 306 and l?
18
Let o(k) = -k - 6. Let v be o(-11). Let x = -3 + v. Suppose 4*i + x - 22 = -4*r, 3*r - 50 = 4*i. Calculate the greatest common factor of r and 80.
10
Suppose -m + 2 - 1 = 0, -s + 4*m + 11 = 0. Let h = 12 + s. What is the greatest common divisor of h and 18?
9
Let w = -44 - -102. Calculate the highest common factor of w and 29.
29
Suppose 4*y = 20 + 108. Calculate the greatest common factor of 16 and y.
16
Let m(f) = 0*f + f + 0*f - 4*f. Let u be m(-3). What is the highest common divisor of u and 45?
9
Let n = 61 + -25. What is the greatest common factor of 180 and n?
36
Let d(g) = 24*g**2. Let j be d(-2). Suppose 0*p - 4*p + 64 = -c, p = 3*c + 16. What is the greatest common factor of j and p?
16
Let w = -7 + 4. Let a(t) = t**3 + 3*t**2 - 2*t - 3. Let i be a(w). Suppose v - 36 = -2*v. Calculate the highest common factor of v and i.
3
Let m = -120 + 68. Let r = -22